s 8019309 a composite number?
True
Is 1041 a prime number?
False
Is 12301 a prime number?
True
Is 27257 a composite number?
True
Is 11213 a prime number?
True
Is 242315 composite?
True
Is 91303 a composite number?
False
Is 14138 a composite number?
True
Is 589327 prime?
True
Is 130937 composite?
True
Is 23207 a composite number?
True
Is 3131 composite?
True
Is 9527 composite?
True
Is 1933741 a composite number?
False
Is 1246841 prime?
True
Is 673 a prime number?
True
Is 487177 prime?
True
Is 1742359 a composite number?
False
Is 326831 a composite number?
False
Is 253 prime?
False
Is 212057 prime?
True
Is 2326661 a prime number?
True
Is 462607 prime?
True
Is 132713 composite?
True
Is 36187 a prime number?
True
Is 337139 a prime number?
False
Is 77447 prime?
True
Is 3149 composite?
True
Is 27509 prime?
True
Is 291253 prime?
True
Is 7393 a prime number?
True
Is 5387 a prime number?
True
Is 321547 prime?
True
Is 631 composite?
False
Is 341923 a prime number?
False
Is 1433711 composite?
False
Is 3847 composite?
False
Is 933865 prime?
False
Is 1259 prime?
True
Is 51713 prime?
True
Is 342591 composite?
True
Is 112459 a prime number?
True
Is 19949 a prime number?
True
Is 23221 a prime number?
False
Is 111679 composite?
True
Is 235401 a prime number?
False
Is 40693 prime?
True
Is 61231 a prime number?
True
Is 1537657 a composite number?
True
Is 2345197 prime?
False
Is 829601 prime?
True
Is 548633 prime?
False
Is 453982 a composite number?
True
Is 2153 a prime number?
True
Is 63887 prime?
False
Is 3175433 a composite number?
False
Is 2323 a prime number?
False
Is 395861 composite?
True
Is 1464077 a prime number?
False
Is 92437 a composite number?
True
Is 4619 a prime number?
False
Is 448057 a composite number?
False
Is 4481 a composite number?
False
Is 118381 prime?
False
Is 85513 composite?
False
Is 26237 a prime number?
True
Is 14051 composite?
False
Is 7103 composite?
False
Is 1793203 prime?
True
Is 372263 a prime number?
True
Is 751181 a prime number?
True
Is 131798 prime?
False
Is 376417 prime?
True
Is 131891 a prime number?
True
Is 57751 a prime number?
True
Is 4783 prime?
True
Is 595411 prime?
True
Is 2490271 prime?
False
Is 958577 prime?
True
Is 3057 a composite number?
True
Is 2521 prime?
True
Is 10319 prime?
False
Is 141121 composite?
False
Is 25931 a composite number?
False
Is 1075453 prime?
True
Is 105847 a composite number?
True
Is 128549 a composite number?
False
Is 434221 a prime number?
True
Is 23741 composite?
False
Is 9793 prime?
False
Is 24502 composite?
True
Is 275107 composite?
True
Is 166597 a prime number?
True
Is 253853 a prime number?
True
Is 65327 a prime number?
True
Is 94495 prime?
False
Is 658547 prime?
True
Is 117659 composite?
False
Is 1020583 a prime number?
True
Is 70937 a prime number?
True
Is 4037 prime?
False
Is 21361 a composite number?
True
Is 92143 prime?
True
Is 3369 composite?
True
Is 5401 prime?
False
Is 2333293 composite?
False
Is 9523 composite?
True
Is 898439 prime?
True
Is 223697 a composite number?
False
Is 25577 a composite number?
False
Is 70607 prime?
True
Is 168931 composite?
True
Is 12079 prime?
False
Is 8923 a composite number?
False
Is 91771 composite?
False
Is 82021 a prime number?
True
Is 4853 a prime number?
False
Is 6007 a composite number?
False
Is 46049 composite?
False
Is 9181 a composite number?
False
Is 1213 prime?
True
Is 883543 prime?
False
Is 15427 a composite number?
False
Is 3967 prime?
True
Is 883561 composite?
True
Is 45593 prime?
False
Is 458879 composite?
False
Is 16127 composite?
False
Is 47155 a composite number?
True
Is 835249 composite?
False
Is 368857 a composite number?
False
Is 4395173 a prime number?
True
Is 76907 prime?
True
Is 353253 composite?
True
Is 221647 prime?
False
Is 100267 composite?
False
Is 72951 a composite number?
True
Is 53923 a composite number?
False
Is 14207 composite?
False
Is 262887 a composite number?
True
Is 2031 a composite number?
True
Is 2881 a composite number?
True
Is 111526 a composite number?
True
Is 3761 a prime number?
True
Is 84781 a composite number?
True
Is 60569 a prime number?
False
Is 518899 a prime number?
False
Is 16181 a prime number?
False
Is 5099 a prime number?
True
Is 20173 a prime number?
True
Is 8657 prime?
False
Is 226 prime?
False
Is 13159 a composite number?
False
Is 1838 a composite number?
True
Is 123757 composite?
False
Is 26749 a prime number?
False
Is 48073 a prime number?
True
Is 7639 a prime number?
True
Is 9521 a prime number?
True
Is 4846 composite?
True
Is 1823 composite?
False
Is 219265 a composite number?
True
Is 331819 prime?
True
Is 31103 a prime number?
False
Is 1004807 composite?
True
Is 398251 a composite number?
True
Is 409099 composite?
False
Is 10159 composite?
False
Is 1034549 a prime number?
True
Is 30887 prime?
False
Is 16293 a prime number?
False
Is 2039 a prime number?
True
Is 15131 composite?
False
Is 1754 prime?
False
Is 46831 composite?
False
Is 1361 a composite number?
False
Is 137321 a composite number?
False
Is 16145 composite?
True
Is 46262 prime?
False
Is 52527 composite?
True
Is 118414 prime?
False
Is 282351 prime?
False
Is 40409 prime?
False
Is 68141 composite?
False
Is 23713 prime?
False
Is 211769 a composite number?
True
Is 121229 a prime number?
True
Is 29947 a composite number?
False
Is 2027 a prime number?
True
Is 3319 a prime number?
True
Is 14659 prime?
False
Is 1451 a prime number?
True
Is 314 prime?
False
Is 871147 composite?
False
Is 121711 a composite number?
False
Is 148949 a composite number?
False
Is 477461 a prime number?
True
Is 278935 a prime number?
False
Is 39409 a composite number?
False
Is 818969 a prime number?
True
Is 92909 prime?
False
Is 2743498 composite?
True
Is 184409 a prime number?
True
Is 714055 a prime number?
False
Is 172787 a prime number?
True
Is 60709 a prime number?
False
Is 13957 a composite number?
True
Is 13477 a prime number?
True
Is 79319 a composite number?
False
Is 242197 prime?
True
Is 27253 a composite number?
False
Is 579677 a prime number?
False
Is 22171 prime?
True
Is 28511 a prime number?
False
Is 13211 composite?
True
Is 17247 composite?
True
Is 33109 a prime number?
False
Is 1523087 composite?
False
Is 3739 a prime number?
True
Is 14765 a composite number?
True
Is 120863 a composite number?
False
Is 210679 a prime number?
False
Is 64982 prime?
False
Is 140149 composite?
True
Is 109931 prime?
False
Is 229393 prime?
True
Is 909471 a composite number?
True
Is 4183 prime?
False
Is 83339 a prime number?
True
Is 15149 a composite number?
False
Is 69469 a prime number?
False
Is 8491 a composite number?
True
Is 15659 a prime number?
False
Is 117779 prime?
True
Is 50371 a prime number?
False
Is 256007 a composite number?
True
Is 892009 a prime number?
False
Is 33149 a composite number?
False
Is 256961 prime?
False
Is 91659 prime?
False
Is 514927 a prime number?
False
Is 1476763 a prime number?
False
Is 6449 a prime number?
True
Is 2161 a composite number?
False
Is 4327 a prime number?
True
Is 229433 a composite number?
False
Is 31949 a prime number?
False
Is 1713 prime?
False
Is 1625753 prime?
False
Is 1481 composite?
False
Is 19291 composite?
True
Is 10977 composite?
True
Is 54953 a prime number?
False
Is 233169 a prime number?
False
Is 10427 composite?
False
Is 33947 a prime number?
False
Is 8441 composite?
True
Is 21851 a composite number?
False
Is 901739 a prime number?
True
Is 12893 a composite number?
False
Is 34927 composite?
True
Is 118399 composite?
False
Is 13381 prime?
True
Is 3041 a prime number?
True
Is 1822547 a prime number?
True
Is 635959 composite?
False
Is 2759907 composite?
True
Is 31531 prime?
True
Is 102761 a prime number?
True
Is 44399 composite?
True
Is 1317 composite?
True
Is 37529 a composite number?
False
Is 2254639 composite?
True
Is 830121 composite?
True
Is 9277 a prime number?
True
Is 4194353 a composite number?
False
Is 7193 a prime number?
True
Is 9778 prime?
False
Is 293 a composite number?
False
Is 113111 a prime number?
True
Is 25013 a composite number?
False
Is 242803 a prime number?
False
Is 1191 composite?
True
Is 955187 composite?
True
Is 308467 composite?
False
Is 18787 composite?
False
Is 2819 a prime number?
True
Is 4237 a prime number?
False
Is 2599 a prime number?
False
Is 2747 a composite number?
Tru